0*i - 2. What are the prime factors of n(2)?
2, 3, 263
Let z = 4 + -6. Let v(f) = -f**3 - f**2 + 2*f + 15. Let t be v(0). Let i = z + t. List the prime factors of i.
13
Let l(r) = 2*r - 34. Let u be l(19). List the prime factors of 1*2*62*1/u.
31
Suppose 5*z = 11*z - 12. What are the prime factors of (-258)/(-3)*(0/z + 1)?
2, 43
Let z(j) = 14*j - 9. Let t(r) = r + 17*r - 10 - r - 2*r. Let g(k) = -3*t(k) + 4*z(k). List the prime factors of g(4).
2, 19
Let n(v) = v**3 - 5*v**2 - 9*v + 22. Let d be n(10). Suppose -3*k + d = k. What are the prime factors of k?
2, 3
Suppose 0 = -2*p + 10, 4*p - 1551 - 151 = -2*q. List the prime factors of q.
29
Let u be 5487/21 - 6/21. Suppose f + u = 4*f. What are the prime factors of f?
3, 29
Let g be 4/(-12) - 7/(-3). Suppose 2*w - 68 = -0*w + g*b, -2*b - 170 = -5*w. Suppose 86 = 2*y + 2*h, 2*y - 3*h - 105 + w = 0. List the prime factors of y.
2, 5
Let u(o) be the second derivative of 2/3*o**4 + 0*o**2 + 1/20*o**5 + 3/2*o**3 + 0 - 5*o. List the prime factors of u(-6).
2, 3
Suppose 4*u = 0, 2*l - 7*l - 175 = -3*u. Let s = 8 - l. What are the prime factors of s?
43
Suppose 0 = -15*v - 602 + 45062. What are the prime factors of v?
2, 3, 13, 19
Suppose -24*i + 19*i + 6025 = 0. List the prime factors of i.
5, 241
Let q(n) = n**3 + 5*n**2 - 2*n. Let d be q(-4). Suppose -d = 5*k - 6*k. Let p = k + -14. List the prime factors of p.
2, 5
List the prime factors of -1 - -1057 - (-36)/(10 + -4).
2, 3, 59
Let v(m) = -10*m + 787. List the prime factors of v(6).
727
Let f(q) = 91*q**2 - 3*q - 2. Let v(s) = -3*s + 5. Let r be v(2). List the prime factors of f(r).
2, 23
Let y = 20 + -16. Let d = -1 + y. Suppose 0 = -4*i + 2*q - 4*q + 96, 0 = -i + d*q + 38. What are the prime factors of i?
2, 13
Let k = -528 - -588. List the prime factors of k.
2, 3, 5
Suppose 5*s + 11 = 31. Suppose 0 = -5*o + o - 4*u + 52, -3*o = s*u - 42. Suppose -5*w = -o*w + 180. What are the prime factors of w?
2, 3
Let l = 960 + 958. List the prime factors of l.
2, 7, 137
Suppose -5*x + 580 = -3*i, 4*x + 4*i = -0*i + 464. Suppose -2*w - 22 = -x. What are the prime factors of w?
47
Suppose n + 4 = 8. Let f(r) = -2*r + 102. Let q be f(-18). Suppose n*k - q - 58 = 0. List the prime factors of k.
7
Suppose 10*q = 5*q - 100. Let m = q + 26. What are the prime factors of 136/6 - 4/m?
2, 11
What are the prime factors of (-1548)/(-1) - -5*(-90)/(-75)?
2, 3, 7, 37
Let l(x) = 156*x**2 + 3*x - 3. Let f = 21 + -20. List the prime factors of l(f).
2, 3, 13
Let d be (-116)/16 + (-7)/(-28). What are the prime factors of (120/d)/((-1242)/(-315) + -4)?
2, 3, 5
Let t(f) = -3*f**3 - 16*f**2 + 4*f + 2. Let w be t(-7). Suppose 3*o = -2*n + 126, -4*o + w = 5*n + 44. List the prime factors of o.
2, 5
Suppose 5*b + 2*n = 496, 4*b - b + 2*n = 296. Suppose -b = -3*c + 128. List the prime factors of c.
2, 19
Let t(s) = 5*s**2 - 5*s - 3. Let q be t(7). Suppose -2*x - 5*z + 87 = 0, -z - z = 5*x - q. What are the prime factors of x?
41
Let w(d) = 6*d**3 - 9*d**2 + 21*d. List the prime factors of w(9).
2, 3, 71
Suppose -s + 2 = 3*i, -2*i - i + 5*s - 10 = 0. Let b(z) = -z**2 - z - 4. Let l be b(i). List the prime factors of 4/((8/l)/(-22)).
2, 11
Let c(l) = 2*l - 2. Let s be c(1). Let y(v) = v - 4. Let n be y(s). List the prime factors of n - -46 - (3 - 1).
2, 5
Let i(j) be the second derivative of -j**4/12 - j**3/2 + 4*j**2 - 22*j. List the prime factors of i(-4).
2
Let o(z) = 21*z + 87. Let a(t) = -11*t - 44. Let d(v) = -5*a(v) - 3*o(v). Let w(k) = 3*k + 14. Let g(b) = -4*d(b) - 11*w(b). List the prime factors of g(-11).
3, 7
Let v(h) = -308*h - 2. What are the prime factors of v(-1)?
2, 3, 17
Let s be -12*((-128)/(-12))/(-4). Let b = s + -58. Let d = 35 + b. What are the prime factors of d?
3
Let h be (2/3)/(98/(-21) + 5). Suppose -h*d = 4*y - 98, 0 = d - y - 0*y - 61. List the prime factors of d.
3, 19
Suppose v = 4*s + 703, -v = 4*s + 43 - 714. List the prime factors of v.
3, 229
Let c = 527 + 54. What are the prime factors of c?
7, 83
Let x(y) = -35*y - 85. List the prime factors of x(-19).
2, 5, 29
Suppose -15 = -7*f + 2*f. Suppose -4*s - f*i + 276 = 0, 2*s = -i - 7 + 145. What are the prime factors of s?
3, 23
Let i be 146*(6/(-30))/((-2)/5). Suppose -2*n = -t + i, -t + 5*n = -5*t + 331. What are the prime factors of t?
79
Let p(h) = h + 5. Let d be p(-6). Let n be (-21)/(d + 6/9). Let z = n - 22. What are the prime factors of z?
41
Suppose 5*x - x = -5*b + 1592, -2*b - 385 = -x. List the prime factors of x.
3, 131
Let n = -2449 - -3475. List the prime factors of n.
2, 3, 19
Let q = -21 + 30. Suppose 0 = -4*a + 14*a - 60. List the prime factors of q*(4/a)/2.
3
Suppose 0*d + d = 2*m - 68, -3*d - 3*m = 249. Let s be 3/(3*3/d). Let g = s + 38. List the prime factors of g.
2, 3
Suppose -2*r - 4*m + 5330 = 0, 0*m = -3*m - 15. List the prime factors of r.
5, 107
Let t(k) = -k**3 + 13*k**2 + 20*k - 16. List the prime factors of t(-8).
2, 73
Let s(h) be the third derivative of -h**5/60 - 2*h**4/3 - 4*h**3/3 - 2*h**2. List the prime factors of s(-9).
5, 11
Let l(g) = -g**3 + 35*g**2 + 16*g - 37. List the prime factors of l(35).
523
List the prime factors of (-4 - 564/(-24))/(6/236).
13, 59
Suppose w - 2 - 6 = 2*a, 2*w + 3*a + 12 = 0. Let h(r) = r**3 - r**2 - 51*r - 7. Let p be h(-5). Suppose w*q - p = -2*q. What are the prime factors of q?
7
Let c(k) = -2 + 6*k - 7*k - 10 + 51. Let d be c(0). Suppose -f - 4*f + 117 = a, -5*a = -f + d. List the prime factors of f.
2, 3
Let y(v) be the third derivative of -1/4*v**4 + 1/30*v**5 - 2/3*v**3 + 0 + 0*v - 9*v**2. What are the prime factors of y(5)?
2
Suppose 0 = -3*p - 4*c + 15, -4*p + p + 15 = -3*c. Let u = p + -1. Suppose 3*h - 4*t + 0 = 38, 28 = 2*h - u*t. List the prime factors of h.
2, 5
Suppose 3*w + g - 6 = 9, 5*g = 5*w - 25. Suppose -w*z = -v + 3*v + 32, 3*v + 5*z = -48. Let k = -10 - v. List the prime factors of k.
2, 3
Let q(c) be the second derivative of c**5/20 + c**4/6 - 4*c**3/3 - 3*c**2/2 - 5*c. Let h be q(4). Let z = 102 - h. What are the prime factors of z?
41
Let p be (-2210)/4 + 3/6. Let z be p/(-30) + 2/(-5). Suppose 6 = 2*o + 3*a, 3*a + 21 = 3*o - z. List the prime factors of o.
3
List the prime factors of -2*1*6504/(-24 + 12).
2, 271
Let p be (-2 - -1)/(9/(-36)). Suppose -k - 3*a = 5, -p*a - 28 = -2*k - 2*k. Let u(d) = d**3 - 4*d**2 + 6*d - 3. List the prime factors of u(k).
3, 7
What are the prime factors of -4 - 2604/(-2 - 1)?
2, 3
Let u(h) be the third derivative of -h**6/120 - h**5/12 + h**4/3 + 2*h**3/3 - 4*h**2. Let q be u(-7). Let o = q + -24. What are the prime factors of o?
2, 11
Let i be (-1 - -8)*(-4)/(-14). Suppose i*l = -l + 81. List the prime factors of l.
3
Let g = -473 - -3185. List the prime factors of g.
2, 3, 113
Let b = 85 - 81. Suppose f = q + 80, -f - b*f = -3*q - 406. What are the prime factors of f?
83
Let j(n) = 12*n**3 + 8*n + 1. What are the prime factors of j(3)?
349
Suppose 5*o + 0*o = -20. What are the prime factors of (-131)/o + (-16)/(-64)?
3, 11
Suppose 0 = 3*o - 5*d + 24, -d - 6 = 5*o - 2*o. Let n be 1/2*(-33 + o). Let g = 26 - n. What are the prime factors of g?
2, 11
Suppose j = 3*c - 13, j = 4*c - 21 + 4. Let f(i) = 2*i**3 - 5*i**2 + 4. Let t be f(5). Suppose -c*y - t = -7*y. What are the prime factors of y?
43
Let d(r) = -r**3 + 2*r**2 - 1. Let k be d(1). Suppose q - 7*q = k. Suppose q = -4*o, -3 = x - o - 39. What are the prime factors of x?
2, 3
Suppose 0 = -c - 3*c + 28. Let i(p) = c*p - p - 3*p + 3*p**2 - 2*p**2 - 6. List the prime factors of i(-8).
2, 17
Suppose 0 = 2*k + 4*d + 188, 0*d = 3*k - d + 268. What are the prime factors of 2/(-8) - k/8?
11
Let y be (-8)/(6/(-3)) - 4. Suppose y = -3*j + j + 74. List the prime factors of j.
37
Let c = -99 + 79. Let v = 76 - c. What are the prime factors of v?
2, 3
Let g = -3900 + 6033. List the prime factors of g.
3, 79
Let k be ((-28)/16)/(4/(-176)). Suppose -4*q = k - 241. Let s = q - 22. List the prime factors of s.
19
Let r(p) = p + 19. Let f be r(-14). Let g(o) be the second derivative of o**5/20 - o**4/4 - 5*o**3/6 + 3*o**2 - 2*o. What are the prime factors of g(f)?
31
Let j(u) = 7*u**3 - 12*u**2 - 14*u. What are the prime factors of j(4)?
2, 5
Let g(x) = -x**2 + 3*x + 3. Let l be g(3). Suppose c - l*b = -2, -b - 9 = -4*b. List the